)/(-6)). Suppose 6*l - 2*l = -3*r + 376, -l + h*r + 83 = 0. Is l a composite number?
True
Suppose 0 = 5*w + 4*v + v - 6780, 5*v = -4*w + 5428. Suppose 4*f = p + 2*p + w, 3*f + 3*p = 993. Suppose -3*x = 2*x - f. Is x composite?
False
Suppose 4*z + 4*y + y = -12, 5*y + 18 = -z. Suppose -d + 4*j = -z*d + 25, 0 = 3*d + 3*j - 30. Suppose 0 = d*v + 34 - 129. Is v a composite number?
False
Let z = 2312 + -1361. Is z a composite number?
True
Suppose -2*s + 6*s - 3556 = 0. Is s a prime number?
False
Suppose -5*t + 19 = v - 7, 2*v = 2*t + 52. Suppose 0*w + 285 = 5*w. Let k = w - v. Is k prime?
True
Let f(z) = 3*z**3 + z**2 - z. Is f(3) a composite number?
True
Let h = 110 + 17. Is h a prime number?
True
Suppose 4*o + 20 = 0, 0*o - o = 2*m + 11. Let x = m + 144. Is x composite?
True
Let h be (-324)/16 - 3/(-12). Is (h/(-3))/((-6)/(-9)) a prime number?
False
Let t be (-20)/(-12) - 2/(-6). Let o be 31 + (-1 - 1) + t. Is 0/(-2) + 2 + o composite?
True
Is 2 - (2 + -5 + -10) composite?
True
Suppose 4*r - 108 = -4*f - 0*f, 100 = 5*f - 2*r. Is f a prime number?
False
Suppose 3*f - 1067 = -218. Let c = f - 122. Is c a composite number?
True
Suppose 0 - 12 = -3*m. Suppose 3*c - 4*u + 3 - 28 = 0, 0 = -m*c + 5*u + 32. Suppose 19 + 44 = c*f. Is f a composite number?
True
Let s = -27 - 3. Suppose 0 = -5*q - 3*l - l + 309, -5*l = 2*q - 110. Let v = s + q. Is v composite?
True
Is -2*2/10 - 71573/(-95) a composite number?
True
Let u(m) be the first derivative of -13*m**5/120 - m**4/12 + 2*m**3/3 + 2. Let f(l) be the third derivative of u(l). Is f(-7) a prime number?
True
Let t be ((-6)/(-4))/((-9)/(-192)). Let h = -22 + t. Is h a composite number?
True
Suppose 2*i + 159 = 557. Is i composite?
False
Let c be 1/2 - 66/(-12). Let k(n) = 2 - 1 - c - 20*n + 5*n**2 + 9*n. Is k(9) a prime number?
False
Let l = 5 - 5. Suppose -o + 115 = -l*o. Is o a prime number?
False
Let p(m) be the third derivative of -17*m**4/24 + 2*m**3/3 + 6*m**2. Is p(-3) a prime number?
False
Let u be -6 - (-5)/(10/4). Is ((-1)/u)/(7/1036) a composite number?
False
Is -1*2 - ((1 - 417) + -5) composite?
False
Is 2/(-4) - 8793/(-6) a prime number?
False
Suppose -w - 5*i = -0*w - 19, 5*w = -4*i + 32. Let s = 1 + w. Suppose s*v + 9 - 1 = 2*d, -v = -d + 10. Is d prime?
False
Let a(s) = 237*s**2 - 3*s - 1. Is a(-4) prime?
True
Let l(v) = 5*v**2 + v - 3. Suppose -3*m + 2*k = 3*k - 10, -4*k = 20. Is l(m) a prime number?
True
Is (1 - 4)*(-3 - (-1 + 605)) a composite number?
True
Let f(t) = t**3 - 23*t**2 + 4*t - 9. Is f(23) a prime number?
True
Suppose 114 = 3*g - 369. Is g a composite number?
True
Let d(k) = -3*k**2 + 11*k - 11. Let f(u) = u**2 - 5*u + 5. Let a(j) = -j - 17. Let z be a(-8). Let w(g) = z*f(g) - 4*d(g). Is w(2) a prime number?
True
Suppose 3*b = 13 - 4, -y + 2*b = 357. Let d = 602 + y. Is d a prime number?
True
Suppose 0*q - 5*q + 150 = 0. Suppose -5*d + 105 = q. Is d a prime number?
False
Let u(o) = 2*o**2 - o - 5. Let m = -2 - 2. Is u(m) prime?
True
Let z = -144 + 299. Suppose 4*v - 128 = x + 3*x, z = 4*v + 5*x. Is v a prime number?
False
Suppose c = -5*c + 522. Is c a composite number?
True
Let j be (-2 + 3)*(-3117)/(-3). Let v = -522 + j. Is v composite?
True
Let d be ((-5)/10)/((-1)/(-12)). Is (15/d)/((-2)/52) a composite number?
True
Suppose -4*m - 4*r + 8*r = -2992, 0 = -2*r - 6. Is m a composite number?
True
Let j = -177 - -99. Let i be (0 + 1)/(2/(-226)). Let n = j - i. Is n prime?
False
Is 159 - (-2 + 0 + 0) composite?
True
Suppose -5*o = 4*i - 422, 12 = o + 2*i - 70. Let a = o - 51. Is a prime?
False
Let t = 32 + -92. Let m = 115 + t. Is m prime?
False
Suppose -5*f - 93 = -r, 5*r + 2*f - 3*f - 489 = 0. Let j be 63 - (-4 + -2 + 6). Let g = r - j. Is g prime?
False
Let t = -5 - -5. Suppose 0*d - 3*d + 75 = t. Is d a composite number?
True
Let i = 724 + -347. Is i a composite number?
True
Let l(u) be the third derivative of u**6/60 - u**5/5 + u**4/8 - u**3/3 - u**2. Let d be l(8). Suppose m = -5*p - 0*m + d, -p + 4*m = -43. Is p a prime number?
False
Let i = -324 + 210. Let p be -482*3*4/24. Let o = i - p. Is o composite?
False
Let m be -5*(-3 - (-33)/15). Suppose -515 - 545 = -m*d. Is d prime?
False
Suppose 274 = 2*g - 242. Let l = g + -161. Is l prime?
True
Let u(a) be the first derivative of -5*a**2 - a - 2. Is u(-8) a prime number?
True
Suppose 0 = -5*a - u + 60, 0*a + u = 2*a - 24. Let t(k) = k**3 - 11*k**2 - 5*k + 5. Is t(a) a prime number?
True
Let u = -69 - -48. Let a = -12 - u. Suppose -2*n - h = -76, -a = -n - h + 29. Is n prime?
False
Let w = 249 - 108. Is w composite?
True
Suppose 2*c - 1003 + 381 = -3*x, x = -c + 311. Let h = -208 + c. Is h a composite number?
False
Let i(d) = -d**2 + 10*d - 5. Let m be i(9). Suppose 0 = m*v - 43 - 25. Let c = 30 - v. Is c prime?
True
Suppose v - 169 = -v - 3*t, 4*v - 5*t - 327 = 0. Let f be 2 + (-1)/(-2)*6. Suppose 5*l - v = -f*s + s, -4*l - 26 = -s. Is s a prime number?
False
Let i be -2 - -1 - -15*11. Suppose -t = d - 54, 0 = -3*d - 0*t - t + i. Let l = d + -24. Is l a prime number?
True
Suppose 2*w - 2*d - 46 + 12 = 0, 4*w + d = 83. Suppose -2*i - w = 32. Let o = -7 - i. Is o a composite number?
False
Is 4*(-3 + 271) + -5 prime?
False
Suppose 0 = -2*w + 4*o + 89 - 27, -2*w + o = -68. Suppose v - w = 20. Is v composite?
True
Suppose -4*s - s + 515 = 0. Let m = 156 - s. Is m a prime number?
True
Suppose 4*v - 6 = -5*s - 22, 3*s = -2*v - 8. Let b(i) = -i + 41. Let l be b(s). Suppose -4*q = -5*o - 67, 2*q - 2*o - l = 3*o. Is q prime?
True
Let p = 7 + -5. Suppose 4*v - 4*f = -p*f + 26, -2*v = 5*f + 5. Let q(c) = 15*c + 4. Is q(v) a composite number?
False
Let q(x) = 5*x + 22. Is q(11) a prime number?
False
Let w(b) = b**3 - b**2 - 4*b - 1. Let u be w(3). Suppose -3*q = -a - 0*a + 65, u*q = a - 73. Is a prime?
True
Let y be (-1 - -34)/(10/(-10)). Let l = 244 + y. Is l a composite number?
False
Let d(m) be the third derivative of m**5/60 - m**4/24 + m**3/2 + 2*m**2. Is d(-12) composite?
True
Let z = -3 + 3. Suppose 2*x = 2*g + 72, -3*x - 2*g + 111 + 12 = z. Is x + (2 - 4 - 0) composite?
False
Let o(m) = -673*m - 9. Is o(-2) prime?
False
Let p = 1759 + -1092. Is p a composite number?
True
Let q(a) = 2*a - 5. Let p be q(4). Suppose 5*f = 3*f - p*g - 5, -3*g = f + 10. Suppose 0 = 4*i + f*d - 355, -3*d - 16 = -1. Is i prime?
False
Let b(f) = f**2 - 2*f - 2. Let p be b(-6). Suppose -94 = 5*v + p. Let w = 75 + v. Is w composite?
False
Let q(r) = 2*r**3 - r**2 + r - 2. Let i be q(2). Let c(s) = 4 + 13*s**3 - i*s**3 + 12*s + 6*s**2 - 16*s**2. Is c(9) a prime number?
True
Suppose 0 = -3*s + 116 + 358. Let y = s - 31. Is y composite?
False
Let m be 0 + 0*(-1)/2. Suppose 0 = 5*u - m*u. Suppose -2*c = -u*c - 98. Is c composite?
True
Let x = 17 - 7. Let n = x - -1. Is n composite?
False
Let k = 6 - 6. Suppose -5*j = 4*s - 2*s - 186, k = s - 2*j - 75. Is s a prime number?
True
Suppose n + 4*n - 1055 = 0. Is n a composite number?
False
Let d(a) = -a**3 + 5*a**2 - 10*a + 11. Let v(r) = -4*r**3 + 14*r**2 - 31*r + 33. Let x(p) = -7*d(p) + 2*v(p). Is x(-9) prime?
True
Suppose -n + x = -3896, 4*n + 3*x = x + 15554. Is n prime?
False
Let n = 3 - -3. Suppose -4*x = -4*p + 1044, n*p - p + 5*x = 1285. Is p a composite number?
True
Suppose 8*i - 3*i + 807 = -3*w, -2*i - 1062 = 4*w. Let a(o) = -150*o**2 - o. Let h be a(1). Let g = h - w. Is g composite?
False
Suppose -h + 2*v + 7 = -14, -4*v - 65 = -3*h. Suppose -h = -2*s + s. Suppose -6*p + p + s = 2*n, 2*p + 6 = 0. Is n composite?
False
Suppose -2*g = g - 483. Suppose -2 = -3*q + q, -p = -4*q - g. Suppose -p - 320 = -5*j. Is j composite?
False
Let y be ((-4)/(-3))/(2/3). Suppose 2*u = z - 25, y*z + 2*u - 27 = 5. Is z a composite number?
False
Suppose 9 = 5*x - 691. Let i be 4/5*(5 + 0). Suppose 0*z - x = -i*z. Is z prime?
False
Let b(y) = 14*y**2 - 4*y - 11. Is b(5) a composite number?
True
Suppose 8*h - 6*h = 15430. Is h composite?
True
Let o(f) = -f - 4. Let p be o(-3). Let a(j) = -3*j**3 - 7*j**2 + 4*j + 7. Let u(i) = -i**3 - 1. Let x(t) = p*a(t) + 2*u(t). Is x(-7) prime?
True
Suppose -o = -1 - 132. Is o a prime number?
False
Let y = -5 + 7. Suppose 0 = b + 4*h - y, -6*b + 4*h = -b - 10. Suppose 2*l = 5*l - b*i - 170, 4*l - 228 = 2*i. Is l prime?
False
Let f(g) = -g**2 - g + 131. Let w = 0 + 0. Is f(w) a prime 